-33)?
-26
What is 4 + -8 + (-26 - -39) + 8?
17
Calculate -11 + -3 - (-11 + 10 - 8).
-5
-1 + -37 + -1 + 23
-16
What is the value of (243 - 243) + (0 - -1) + -6 - 5?
-10
Evaluate -2 - 4 - (-98 + 86).
6
Calculate -87 + 98 - (2 + 5).
4
Calculate (-6 - 2 - (-17 + -8 + 14)) + -5.
-2
What is the value of 11 + -1 - (-35 + 15 + 36)?
-6
What is -15 + 6 + 15 - -8 - 4?
10
What is 0 + (-26 - (-46 - -4))?
16
Calculate 1 - (14 + -26) - 23.
-10
5 + -7 + -8 + 18
8
Calculate -14 + 1 + 19 + -13.
-7
Evaluate 24 + -7 + 24 + -6 + -11.
24
(-6 - (-13 - -9) - -6) + -14
-10
What is the value of 14 + -1 + (-586 - -568)?
-5
Evaluate 7 - (-9 - -4 - (0 + (0 - -1))).
13
Calculate -6 + 3 + 1 - (4 + -8 + 6).
-4
Evaluate -51 - 0 - (2041 - 2065).
-27
What is the value of -47 + (16 - -38) + (-1 - 0)?
6
Evaluate (5 - -5) + -11 - 8 - -7.
-2
Calculate -23 + -10 - -21 - (-4 - 0).
-8
Evaluate 3 + -12 + -31 + 50 + -6 + 1.
5
What is the value of -18 - ((5 - (25 + -5)) + 2)?
-5
What is the value of 16 - (-7 + (14 - -15))?
-6
Evaluate -172 - -205 - (1 + -2 + 10 + 0).
24
Evaluate -8 - ((-13 - 13) + 7).
11
Calculate (3 - -13) + -2 + -6 + 4.
12
Evaluate (-12 - -32) + -25 + 2 + -1 + 15.
11
What is the value of (-13 + 6 - -3) + 6 + 6 + -8?
0
What is -31 - (-32 + 17 - -1)?
-17
What is the value of -9 + 11 + -7 + -8?
-13
Evaluate (193 - 198) + (9 - 0).
4
What is -2 - (-10 - -11) - -7?
4
Evaluate -4 + (-4 - -2) + 0 - 6.
-12
What is the value of -13 - 2 - (-10 + 32 - 26)?
-11
What is the value of -5 + 10 + (-1 - -4 - 0)?
8
-2 + (-6 - -3) + 3 - (-1 - -14)
-15
What is 16 + -7 + 2 + -1 + (4 - 3)?
11
Evaluate 14 + 4 - (0 - -3).
15
Calculate -1 + -14 - (-77 + 63).
-1
Calculate -5 + (5 - (0 + 3 + 2 + -1)).
-4
What is 70 + -109 + 42 + (-1 - (1 - 2))?
3
-469 + 484 + 1 + -33 + (1 - 3)
-19
What is (4 - (-2 + 3)) + 27 + -5 + -5?
20
22 - (-1 + 6) - (12 - 6)
11
What is 39 - (17 - (17 + -15 + 3))?
27
What is the value of (19 + -16 - -19) + -5?
17
What is the value of -11 - -25 - (14 + 3 + 1)?
-4
13 + -4 + 10 + 15 + -5 - 9
20
What is the value of -300 + 312 - (18 - -2)?
-8
What is 6 - (17 + 3 + -65 - -16)?
35
Evaluate 14 + -9 - -2 - (2 - -10).
-5
Calculate -3 - 9 - 6 - (-41 - -42).
-19
Evaluate (-2 - -2) + (8 - -11 - 34).
-15
What is the value of (87 - 93) + (-1 - 1 - -6)?
-2
Evaluate -23 - (-22 - (-14 - -10)).
-5
What is the value of 31 + (-14 - (-35 + 64))?
-12
0 + 9 + 3 - (0 + 4)
8
What is 39 - (2 - (-12 - (-8 - -7)))?
26
25 + -53 + 19 - (3 + -1)
-11
-2 + 1 + 15 - (15 - (18 + -5))
12
35 + (5 - 18 - (2 + -3))
23
Calculate 18 + 3 + -7 + (-8 - -4).
10
Evaluate 8 + -36 + 11 + 12.
-5
Evaluate 11 - (-2 + 2) - 34 - -7.
-16
Calculate (-59 - -71) + 6 - (3 - -2).
13
Evaluate (7 + -15 - (0 + -19)) + -2.
9
Evaluate 52 + (15 - 57) - (-15 + 1).
24
-8 - ((-2 - -6) + -16 + 19)
-15
Calculate 20 + (12 - 26) + (-3 - 0).
3
Calculate 13 + 4 + (1 - 12) - -12.
18
Calculate -12 + 22 - (-24 - -13).
21
Calculate 23 - (20 + 12 + -23).
14
1 - 17 - (-995 + 988)
-9
Calculate (-30 - -30) + (-6 - -4).
-2
What is -23 + 1 + (3 - -5) + 0?
-14
Evaluate (-1 - -11) + -375 + 379.
14
What is -2 + -5 - (-19 + (11 - (-5 - -5)))?
1
Evaluate 2 + -4 - -8 - (20 + -8).
-6
Evaluate -6 + -2 + 9 + -5 + 10.
6
What is 30 - (19 + -11 + 5)?
17
Calculate -23 + 26 + 14 - 18.
-1
(335 - 336) + 1 + -23
-23
What is the value of -43 + 43 - ((4 - 3) + -8)?
7
-10 - ((-197 - -199) + -14 + -2)
4
6 + -2 + (-18 - -1) + -4 + 0
-17
What is -10 + (2 - (-7 - 2) - (7 - 0))?
-6
What is (-1 - 9 - (-55 + 48)) + 13 + -4?
6
29 - ((-8 - -24) + -4) - (-1 + -11)
29
Calculate (0 - -7) + (-39 - -38) + -11 - 2.
-7
-7 - ((3 + (0 - 2) - 8) + 3)
-3
What is (10 - (-11 + 16)) + -17?
-12
What is the value of 28 - (-3 + -6 - (-31 - -15))?
21
Calculate -65 - -79 - (-3 - -2 - -10).
5
-1 - -13 - (-31 + 29)
14
(-6 - (7 - 4)) + -32 + 40 - -14
13
What is (16 - (-8 - -10)) + -12 + -2 + 1?
1
What is the value of (0 + 0 - (-14 - -5)) + 2 + -1?
10
What is (-1 + 5 - (-9 + 1 + 15)) + 15?
12
What is 15 + 0 + -13 + 2?
4
Calculate -8 - (-19 + 11) - 11.
-11
Calculate -14 + (6 + -9 - -12).
-5
6 + 30 + -15 + (0 - 36)
-15
-5 - (-8 + 0 + (-1 - -5))
-1
Calculate 62 - (-13 + 12 - -32).
31
What is (-4 - 0) + 0 - (-11 + 9 + -2)?
0
Evaluate 4 - (22 - 44) - 7.
19
-15 + 9 + (1 + 12 - (7 - 10))
10
Calculate 7 - (5 - (-2 - -11)).
11
-1 - -8 - -5 - (9 + -5 + -4)
12
What is the value of -2 + 13 + 12 - (1 + 4 - -1)?
17
Evaluate -86 + 78 + -2 + 3 + 4.
-3
What is the value of 10 - (-1 + -40 + 24)?
27
Evaluate 0 - -1 - -10 - (-81 + 106).
-14
What is the value of 4 - -6 - 10 - (-9 - 2)?
11
Calculate 4 + 1 - (-20 + -1 + (-22 - -27)).
21
Evaluate 18 - 35 - (-18 - -9) - -22.
14
What is (3 - (19 + (2 - 7))) + 12?
1
Calculate 19 + -17 - (4 + 8) - 6.
-16
What is 41 + -1 + 99 + -122?
17
What is the value of 28 + -48 + (-2 - -24)?
2
What is the value of 34 + (17 - 40) - -12?
23
Evaluate 34 + -18 - (23 + -8).
1
Calculate (-19 - (-12 + 5)) + 8 + -13.
-17
What is the value of 8 + (3 - 13) + 4?
2
(3 - 17) + 21 - 43
-36
Calculate (14 - 2) + -2 + -2 + -1 + -6.
1
(-2 + -16 - -3) + 15
0
-10 + 38 + -13 + (4 - 5)
14
What is the value of 19 - 11 - (7 + 1 - 16)?
16
What is 111 + -109 - (-9 + 0 + 0)?
11
1 + 2 - 1 - (-15 + (12 - -1))
4
Evaluate -8 - (-53 + 15 - -49).
-19
-31 + 5 + (-6 - (-5 - 0))
-27
-2 + 0 + (3 - -1) + (29 - 23)
8
-974 + 970 + 0 + (0 - 0)
-4
Calculate (-1 - 10) + (6 - -66) + -40.
21
Evaluate -17 + 15 + 3 + -4 + -1 + 9.
5
1 + 0 + 6 - (-2 + -13 + -5)
27
What is the value of -24 + 29 + -2 - 2 - (-1 + 0)?
2
What is 41 + -61 - (1 - 37)?
16
What is (11 - (-17 + 12)) + -10?
6
-1 + 4 - (1 - (9 - 4 - -2))
9
What is 8 - (15 - (-24 - -16))?
-15
28 - (1 + -1 - -18)
10
What is the value of 14 + -4 + 3 + -11 + 18?
20
What is -4 + 16 + -1 + 2?
13
Evaluate 0 - (-24 - (-4 + (-16 + 5 - -8))).
17
-33 - ((-45 - -20) + -1)
-7
Calculate 11 + -7 + (4 - (-4 + 29)).
-17
Calculate -3 + -14 + (3 - 4) - (-3 + 6).
-21
Calculate (-3 + 4 - 4) + -6 + -10 + 8.
-11
4 - 22 - (-16 + -15 + 33)
-20
Evaluate (-5 - 2) + 0 + 3 + -4 + 0.
-8
What is (26 - 10) + -1 + 4 + (8 - 11)?
16
Evaluate (4 - 1 - 10) + (9 - 0) + -5.
-3
What is the value of 8 - (0 + -6 - -15 - -4)?
-5
What is -4 - -21 - 3 - (-7 - -13)?
8
What is 7 + (-2 - 2) + (12 - 8)?
7
What is the value of -578 + 583 - (-7 - (0 + 0))?
12
Calculate -3 + 12 + -1 + -5 + -15 + 2.
-10
18 - (23 + -29 - -27)
-3
Calculate -1 + 9 + (3 + -12 + 13 - 2).
10
What is the value of (41 - 49) + -11 + -5 + 7?
-17
What is the value of -9 - ((-2 - 8) + (-36 - -37))?
0
What is the value of -49 + 53 + 0 + 1?
5
Calculate (28 - 37) + 14 - (5 + -2).
2
Evaluate -12 - (13 + -26) - -4.
5
Evaluate 3 + 14 + -92 + 85.
10
(1 - 11) + 5 - (101 + -79)
-27
Calculate (0 - 0 - -11) + -1 + -7.
3
Calculate -2 + 0 + -12 - -2 - (-107 - -101).
-6
4 + -3 + -59 + 67
9
What is 7 - ((17 - 9) + (-25 - 9))?
33
(-5 - 5 - -6) + -4 - -10 - -3
5
Calculate (-1 - -17) + -18 + (-21 - -31).
8
What is the value of 9 + 4 + 8 + -7?
14
Evaluate -4 + 2 + -3 + -2 + -22 - 5.
-34
What is (-13 - -36) + (6 - (-6 + -7 + 20))?
22
What is 11 - ((-17 - -8) + 8 + 9 + 10)?
-7
Evaluate 1 - ((-13 - -9) + -5 + 1).
9
What is -7 + 11 - (-8 - 2)?
14
What is the value of (0 - -5) + 32 + -15 + -13?
9
(-84 - -96) + (-21 - 0)
-9
Calculate -15 - -34 - (15 + -1).
5
10 - (-16 + 8) - 19
-1
Evaluate (-4 - (-13 + 27)) + (5 - -1).
-12
What is the value of -1 - ((-9 - -5) + -4 + (3 - 6))?
10
What is the value of 13 + (7 - (-9 + 18))?
11
What is the value of 6 - 5 - -2 - -4?
7
Calculate -35 + 35 - ((-8 - -6) + 6 - -7).
-11
Calculate -33 - (0 + (-6 - 9)).
-18
Evaluate (-5 - -23) + -12 + -18 - -10.
-2
What is the value of (217 - 190 - (13 - -1)) + -34?
-21
Evaluate (-10 - (23 - 36 - (2 - 8))) + 25.
22
What is (-2 + 33 - (2 + 2)) + -16 + 10?
21
Evaluate -9 - (2 - ((7 - 4) + 14)).
6
What is 13 - 18 - (-16 - 5)?
16
What is 474 - 480 - ((0 - -1) + -9) - 11?
-9
What is the value of 0 + -2 - ((-5 - -14) + 2)?
-13
Evaluate 6 - (27 + -74 + 30).
23
0 + -3 + (5 - 7) + -1 + -6
-12
What is the value of -12 + 35 - (-10 + 67)?
-34
Evaluate (-5 + 8 - 6) + (-14 - -8).
-9
-23 + 1 + 4 + -121 + 114
-25
2 + -10 - (-4 + -12 + 7)
1
-5 - 21 - -4 - (55 + -57)
-20
Calculate 10 - (6 + (-11 - -12)).
3
Evaluate (38 - 42) + 35 + -27.
4
(-11 + 29 - 9) + -11
-2
Evaluate 15 + -17 + (-2 - -5).
1
What is the value of -9 + (37 - 19) + (4 - 22)